 y + 10. Let o be q(7). Let u = o - 52. Calculate the highest common factor of 7 and u.
7
Suppose 4 - 6 = -2*v. Let l be (v - 8)/((-3)/9). Calculate the highest common factor of l and 7.
7
Let z be (-2 - -1)/(-1*2/10). What is the highest common divisor of 5 and z?
5
Suppose -3*n + 4*d = -0*n - 20, 4*n = 4*d + 32. Let u be (6/12)/(1/n). What is the greatest common divisor of 12 and u?
6
Let b = -21 + 31. Calculate the highest common factor of 50 and b.
10
Let h(z) = 4 + 6*z - 4 - 15*z. Let l(p) = p**2 + 4*p + 2. Let f be l(-3). Let j be h(f). Calculate the greatest common factor of 99 and j.
9
Suppose 6*z - z + 45 = 0. Let o = 21 + z. What is the greatest common divisor of 30 and o?
6
Let x = -3 + 7. Suppose -x*j - 110 = -2*c + j, -2*c + 106 = -3*j. Let a(w) = w**2 - w - 2. Let h be a(4). Calculate the greatest common factor of h and c.
10
Suppose 0 = 5*a + 4*f + 18, 3*f + 12 + 0 = -3*a. Let u be a/(26/14 + -2). Suppose 5*g - 63 = 2*g. What is the highest common factor of u and g?
7
Suppose -3*k = -92 + 2. Suppose 3*b = -o + k, -5*o - 2*b + 118 = -2*o. Calculate the highest common factor of 28 and o.
14
Suppose -4*u - 3*p = -8, -4*p = -2*u + 25 + 1. Suppose -u = -4*r + 107. Calculate the greatest common divisor of 4 and r.
4
Let n be (-2)/(-7) + 388/14. Calculate the highest common divisor of 4 and n.
4
Let b = 6 - 1. Suppose 4 + 0 = -4*s, 2*a = -b*s + 145. Calculate the highest common divisor of a and 15.
15
Let t = -3 - -6. Let s be (48/(-10))/t*-5. Let g be 22/(-5)*(-2 + -18). Calculate the highest common factor of g and s.
8
Suppose -4*o + 55 + 13 = -4*f, -f - 62 = -4*o. Let j = 8 - 5. Suppose -79 + o = -4*c + 3*l, j*c - 2*l = 47. What is the greatest common divisor of 104 and c?
13
Let m = 19 + -3. Let s = -8 + m. Suppose -x = 5*k - 47, 2*x + x = 4*k + 236. What is the greatest common divisor of x and s?
8
Suppose 0 = -2*l - 5 + 49. Suppose b = y + 16, y = 3*b + b - l. Let p = 30 + y. Calculate the highest common divisor of 8 and p.
8
Let y = -25 + 17. Let c(r) = -18*r - 1. Let m be c(y). What is the greatest common factor of 13 and m?
13
Suppose 7*n = 10*n - 9. Calculate the highest common factor of n and 39.
3
Suppose -4*y + h + 430 = 0, 3*y - 318 = 2*h + h. Suppose -3*m - 225 = -2*w, 0 = -w + m + 2 + y. Let r = 25 + -10. What is the greatest common factor of r and w?
15
Let l = -64 - -106. What is the greatest common divisor of l and 105?
21
Let q = 5 - 5. Suppose q = -4*a - 0*a. Suppose 0 = -i - 2*y - a*y + 11, -5*i - 2*y = -31. Calculate the highest common factor of 2 and i.
1
Let o be 44/8 + (-1)/2. Suppose -5*p - 30 = 5*t, t - 31 + 7 = o*p. Let h = 2 - p. What is the highest common factor of 14 and h?
7
Let j(o) = o + 13. Let y be j(-8). Suppose 2*c - 13 = y. Suppose 2*x + 23 = 113. What is the highest common factor of x and c?
9
Suppose 0 = 5*y + 4*g + g - 1365, y + 4*g = 267. What is the greatest common divisor of 25 and y?
25
Suppose i = -2 + 14. What is the highest common divisor of i and 18?
6
Suppose 0 = 3*l - l - 394. Let n = l - 85. Let z be 4/(3/(11 - -1)). What is the highest common factor of z and n?
16
Suppose -l = 2*l - 15. Suppose -2*c + 143 = -257. Suppose 2*k - c = -3*k. Calculate the highest common divisor of l and k.
5
Let a(l) = l**3 - 7*l**2 - l + 9. Let f be a(7). Suppose 18 + 6 = 3*v. Calculate the highest common factor of f and v.
2
Suppose -206 = 5*u - 701. Let b = 3 + -3. Suppose -3*z + 5 = -2*d - 32, b = -5*z + 4*d + 63. Calculate the highest common factor of z and u.
11
Suppose 0 = -2*q - 2*a + 80, a + a + 55 = q. Let y(z) = 2*z**3 + 15*z**2 + 6*z + 8. Let p be y(-7). Calculate the highest common factor of p and q.
15
Let b(j) = -j**2 - 15*j - 28. Let i be b(-12). Let f be (-3)/(-1)*(-2)/(-3). Calculate the greatest common factor of i and f.
2
Let p = 166 - 159. Let y be (-42)/4*(-4)/3. What is the greatest common divisor of y and p?
7
Suppose 5*i = -2 + 32. Let q(n) = n**3 - 3*n**2 - 7*n - 6. Let c be q(i). Let f = 85 - c. Calculate the greatest common factor of f and 5.
5
Let i be 4 + -2 + 183 + 4. Let l = i - 77. What is the highest common factor of 14 and l?
14
Suppose 0*f - f + 3*w = 70, -2*f - 138 = -4*w. Let k be (-3)/((-9)/(-6)) + 111. Let m = f + k. What is the greatest common factor of m and 14?
14
Let f(o) = 4*o - 1 + 0*o**2 + 3*o**2 - o**2. Let v be f(-4). Calculate the greatest common divisor of v and 15.
15
Let r(j) = -11*j**2 - 8*j + 4*j**2 + 9*j**2. Let k be r(11). Calculate the highest common divisor of k and 14.
14
Let d(t) = -t**2 + 25. Let q be d(0). Let p be 5 + 0/(2 - -1)*1. Calculate the highest common factor of p and q.
5
Suppose 4*w - 72 - 468 = 0. Let i(f) = 4*f + 7. Let l be i(6). Let n = l - 16. What is the highest common factor of n and w?
15
Let o = -8 + 14. Suppose -5 = -g + 3*m, -g - 25 = -o*g + 4*m. Suppose y = 2*b - 2 + 8, -18 = -3*y + g*b. Calculate the greatest common divisor of y and 66.
6
Let h = -24 - -26. Let t(d) = -d - 5. Let g be t(-5). Suppose g*k - k + h = 0. Calculate the highest common factor of 16 and k.
2
Let j(z) = -z**2 + 14*z - 11. Let m be j(13). Suppose -i = -m*s - 0*s + 3, 4*s - 9 = -i. Calculate the greatest common divisor of 2 and s.
2
Let p be (-40)/(5 + -4 + -3). Calculate the greatest common divisor of 50 and p.
10
Let c(h) = -h**2 - 10*h + 2. Let f be c(-10). Suppose j - g = 1 - 2, f*g = 3*j. Calculate the greatest common divisor of j and 1.
1
Suppose -52*i + 47*i + 280 = 0. What is the highest common factor of 8 and i?
8
Let y = -152 + 287. Calculate the highest common factor of y and 30.
15
Suppose 26*o = 28*o - 72. Let r be 2/(-6) - (-34)/(-6). Let b be (27/r)/(2/(-4)). What is the highest common divisor of o and b?
9
Suppose 5*z + u - 4 - 6 = 0, 3*u = 15. Calculate the highest common divisor of z and 4.
1
Let c(m) = m**3 - 4*m**2 - 14*m + 6. Let f be c(8). What is the highest common divisor of 100 and f?
50
Suppose -4*k + 17 = -3*a - 29, -k = 3*a - 19. What is the greatest common factor of k and 52?
13
Let j(u) = -u**2 + 8*u - 3. Let i be j(6). Suppose -320 = 3*x - 4*x. Suppose -57 = -b - 5*c, 4*b + c + 35 = x. Calculate the highest common divisor of b and i.
9
Let h be ((-1)/(-2))/(-6 + 294/48). Calculate the highest common factor of 52 and h.
4
Let l = -24 + 42. What is the greatest common factor of l and 54?
18
Suppose 0 = 2*k - 7*d + 3*d - 30, 25 = 4*k - d. Calculate the greatest common divisor of k and 1.
1
Suppose 0 = 4*d + 5*x + 21, 2*x = -d + 3*x + 6. Suppose 4 = r - 3*n, -5*n + 7 = -r + 13. Calculate the highest common divisor of r and d.
1
Suppose -16 = -4*y + 16. What is the greatest common divisor of y and 64?
8
Let w(a) = a + 3. Let v = -8 + 2. Let j be w(v). Let s = 27 + j. What is the highest common divisor of 12 and s?
12
Suppose x + 3*h - 5 = -0, 0 = 3*x + 4*h - 20. What is the highest common divisor of x and 36?
4
Suppose 3*g + 2*g = 160. What is the greatest common divisor of g and 4?
4
Let x(i) = -i + 1. Let n be x(-4). Suppose 4*g - 57 = -t, -4*g = -4*t + 2*t - 66. What is the greatest common divisor of n and g?
5
Let n = -39 + 41. Calculate the greatest common factor of n and 10.
2
Suppose d = 3*s + 16, -4*d + 78 - 14 = -5*s. Calculate the greatest common divisor of 2 and d.
2
Let g(q) = q**2 - 10*q - 14. Let n be (-1)/2 + (-150)/(-12). Let x be g(n). Calculate the highest common factor of x and 25.
5
Let b be 2 + (-1 - 284/(-4)). Calculate the highest common divisor of 8 and b.
8
Suppose -24 = -4*n + 4*y, -5*y - 14 = n + 10. What is the highest common divisor of n and 2?
1
Suppose 3 = 2*q - 85. Suppose 0 = 2*p - 40 - q. What is the greatest common factor of p and 28?
14
Suppose 5*r - 4*m = 4, -5*r + 0*m = 2*m - 28. Let n = 9 + -6. Suppose 5*u = 5*l + 45, -2*u - 4*l - 9 = n. What is the greatest common divisor of r and u?
4
Let x(g) = 4*g + 2*g - 3*g**2 - 7 + 0*g**2 - g**3. Let c be x(-5). What is the highest common divisor of c and 13?
13
Let t(y) = -4*y**3 - y**2 + 3*y + 3. Let u be t(-2). Let f = -5 + u. Let m be ((-12)/10)/(6/(-20)). What is the greatest common divisor of f and m?
4
Suppose -3 = a + 1, 0 = t + 5*a - 16. Let v = 8 - 4. Let r be (6/v)/(3/18). What is the greatest common factor of t and r?
9
Let n(z) = -z**2 + 7*z - 6. Let r be n(5). Let l be 1*2/r*14. Let g = -102 + 158. Calculate the greatest co